{"id":1258,"date":"2025-10-27T19:25:02","date_gmt":"2025-10-27T19:25:02","guid":{"rendered":"https:\/\/themenectar.com\/salient\/harbor\/?page_id=1258"},"modified":"2026-02-12T04:18:45","modified_gmt":"2026-02-12T04:18:45","slug":"contact","status":"publish","type":"page","link":"https:\/\/foliehole.com\/?page_id=1258","title":{"rendered":"folie contact"},"content":{"rendered":"[vc_section type=&#8221;full_width_content&#8221; text_color=&#8221;dark&#8221; top_padding=&#8221;30px&#8221; top_padding_tablet=&#8221;0&#8243; row_border_radius=&#8221;none&#8221; row_border_radius_applies=&#8221;bg&#8221; content_layout=&#8221;default&#8221; advanced_gradient_display_type=&#8221;linear&#8221; min_height_desktop=&#8221;100svh&#8221;][vc_row type=&#8221;full_width_content&#8221; full_screen_row_position=&#8221;middle&#8221; column_margin=&#8221;custom&#8221; equal_height=&#8221;yes&#8221; column_direction=&#8221;default&#8221; column_direction_tablet=&#8221;default&#8221; column_direction_phone=&#8221;default&#8221; scene_position=&#8221;center&#8221; top_padding=&#8221;35px&#8221; constrain_group_1=&#8221;yes&#8221; bottom_padding=&#8221;35px&#8221; right_padding_desktop=&#8221;35px&#8221; left_padding_tablet=&#8221;25px&#8221; constrain_group_4=&#8221;yes&#8221; right_padding_tablet=&#8221;25px&#8221; text_color=&#8221;dark&#8221; text_align=&#8221;left&#8221; row_border_radius=&#8221;10px&#8221; row_border_radius_applies=&#8221;bg&#8221; row_position_desktop=&#8221;default&#8221; row_position_tablet=&#8221;inherit&#8221; row_position_phone=&#8221;inherit&#8221; overflow=&#8221;visible&#8221; overlay_strength=&#8221;0.3&#8243; gradient_direction=&#8221;left_to_right&#8221; shape_divider_position=&#8221;bottom&#8221; bg_image_animation=&#8221;none&#8221; gradient_type=&#8221;default&#8221; shape_type=&#8221;&#8221; min_height_desktop=&#8221;100%&#8221;][vc_column top_padding_desktop=&#8221;80px&#8221; constrain_group_100=&#8221;yes&#8221; bottom_padding_desktop=&#8221;80px&#8221; left_padding_desktop=&#8221;80px&#8221; constrain_group_101=&#8221;yes&#8221; right_padding_desktop=&#8221;80px&#8221; top_padding_tablet=&#8221;40px&#8221; constrain_group_102=&#8221;yes&#8221; bottom_padding_tablet=&#8221;40px&#8221; left_padding_tablet=&#8221;0&#8243; constrain_group_103=&#8221;yes&#8221; right_padding_tablet=&#8221;0&#8243; flex_gap_desktop=&#8221;10px&#8221; desktop_text_alignment=&#8221;default&#8221; tablet_text_alignment=&#8221;default&#8221; phone_text_alignment=&#8221;default&#8221; background_color=&#8221;#ECEAE612&#8243; background_color_opacity=&#8221;1&#8243; background_hover_color_opacity=&#8221;1&#8243; column_backdrop_filter=&#8221;none&#8221; column_shadow=&#8221;none&#8221; column_border_radius=&#8221;10px&#8221; column_link_target=&#8221;_self&#8221; column_position=&#8221;default&#8221; gradient_direction=&#8221;left_to_right&#8221; overlay_strength=&#8221;0.3&#8243; width=&#8221;2\/5&#8243; tablet_width_inherit=&#8221;default&#8221; animation_type=&#8221;default&#8221; bg_image_animation=&#8221;none&#8221; border_type=&#8221;simple&#8221; column_border_width=&#8221;none&#8221; column_border_style=&#8221;solid&#8221; column_padding_type=&#8221;advanced&#8221; content_layout=&#8221;flexbox&#8221; gradient_type=&#8221;default&#8221; flex_layout_desktop=&#8221;column&#8221; flex_justify_content_desktop=&#8221;center&#8221; flex_align_items_desktop=&#8221;stretch&#8221; flex_align_items_phone=&#8221;&#8221; flex_wrap_desktop=&#8221;nowrap&#8221; flex_reverse_desktop=&#8221;false&#8221;][vc_row_inner column_margin=&#8221;default&#8221; column_direction=&#8221;default&#8221; column_direction_tablet=&#8221;default&#8221; column_direction_phone=&#8221;default&#8221; right_padding_desktop=&#8221;20%&#8221; text_align=&#8221;left&#8221; row_position=&#8221;default&#8221; row_position_tablet=&#8221;inherit&#8221; row_position_phone=&#8221;inherit&#8221; overflow=&#8221;visible&#8221; pointer_events=&#8221;all&#8221;][vc_column_inner right_padding_phone=&#8221;10%&#8221; column_element_direction_desktop=&#8221;default&#8221; column_element_spacing=&#8221;default&#8221; desktop_text_alignment=&#8221;default&#8221; tablet_text_alignment=&#8221;default&#8221; phone_text_alignment=&#8221;default&#8221; background_color_opacity=&#8221;1&#8243; background_hover_color_opacity=&#8221;1&#8243; column_backdrop_filter=&#8221;none&#8221; column_shadow=&#8221;none&#8221; column_border_radius=&#8221;none&#8221; column_link_target=&#8221;_self&#8221; overflow=&#8221;visible&#8221; gradient_direction=&#8221;left_to_right&#8221; overlay_strength=&#8221;0.3&#8243; width=&#8221;1\/1&#8243; tablet_width_inherit=&#8221;default&#8221; animation_type=&#8221;default&#8221; bg_image_animation=&#8221;none&#8221; border_type=&#8221;simple&#8221; column_border_width=&#8221;none&#8221; column_border_style=&#8221;solid&#8221; column_padding_type=&#8221;advanced&#8221; content_layout=&#8221;default&#8221; gradient_type=&#8221;default&#8221;][nectar_responsive_text inherited_font_style=&#8221;default&#8221; text_direction=&#8221;default&#8221; font_line_height=&#8221;1&#8243; font_size_desktop=&#8221;3.25vw&#8221; font_size_tablet=&#8221;40px&#8221; font_size_phone=&#8221;30px&#8221;]\n<h1><strong data-start=\"81\" data-end=\"99\">zaman\u0131 geldi.<\/strong><\/h1>\n[\/nectar_responsive_text][nectar_cta btn_style=&#8221;basic&#8221; heading_tag=&#8221;span&#8221; link_type=&#8221;regular&#8221; button_color=&#8221;default&#8221; button_border_thickness=&#8221;0px&#8221; alignment=&#8221;left&#8221; alignment_tablet=&#8221;default&#8221; alignment_phone=&#8221;default&#8221; display=&#8221;block&#8221; display_tablet=&#8221;inherit&#8221; display_phone=&#8221;inherit&#8221; icon_family=&#8221;none&#8221; url=&#8221;hello@foliehole.com&#8221;][\/vc_column_inner][\/vc_row_inner][divider line_type=&#8221;No Line&#8221; custom_height=&#8221;20&#8243;][nectar_cta btn_style=&#8221;underline&#8221; underline_visibility=&#8221;default&#8221; heading_tag=&#8221;span&#8221; link_type=&#8221;regular&#8221; button_color=&#8221;default&#8221; button_border_thickness=&#8221;0px&#8221; alignment=&#8221;center&#8221; alignment_tablet=&#8221;default&#8221; alignment_phone=&#8221;default&#8221; display=&#8221;block&#8221; display_tablet=&#8221;inherit&#8221; display_phone=&#8221;inherit&#8221; icon_family=&#8221;none&#8221; text=&#8221;&#x1f449; Bir not b\u0131rak\u0131n.&#8221; link_text=&#8221;hello@foliehole.com&#8221; margin_top=&#8221;-10px&#8221; url=&#8221;hello@foliehole.com&#8221;][\/vc_column][vc_column top_padding_desktop=&#8221;200px&#8221; bottom_padding_desktop=&#8221;40px&#8221; left_padding_desktop=&#8221;40px&#8221; constrain_group_101=&#8221;yes&#8221; right_padding_desktop=&#8221;40px&#8221; top_padding_phone=&#8221;250px&#8221; bottom_padding_phone=&#8221;20px&#8221; left_padding_phone=&#8221;20px&#8221; constrain_group_105=&#8221;yes&#8221; right_padding_phone=&#8221;20px&#8221; flex_gap_desktop=&#8221;20px&#8221; desktop_text_alignment=&#8221;default&#8221; tablet_text_alignment=&#8221;default&#8221; phone_text_alignment=&#8221;default&#8221; background_color_opacity=&#8221;1&#8243; background_hover_color_opacity=&#8221;1&#8243; background_image=&#8221;1470&#8243; background_image_type=&#8221;default&#8221; background_image_position=&#8221;center center&#8221; background_image_stacking=&#8221;default&#8221; enable_bg_scale=&#8221;true&#8221; background_image_loading=&#8221;skip-lazy-load&#8221; column_backdrop_filter=&#8221;none&#8221; font_color=&#8221;#FFFFFF&#8221; column_shadow=&#8221;none&#8221; column_border_radius=&#8221;15px&#8221; column_link_target=&#8221;_self&#8221; column_position=&#8221;default&#8221; gradient_direction=&#8221;left_to_right&#8221; overlay_strength=&#8221;0.3&#8243; width=&#8221;3\/5&#8243; tablet_width_inherit=&#8221;default&#8221; animation_type=&#8221;default&#8221; bg_image_animation=&#8221;none&#8221; border_type=&#8221;simple&#8221; column_border_width=&#8221;none&#8221; column_border_style=&#8221;solid&#8221; mask_enable=&#8221;true&#8221; mask_shape=&#8221;blur-gradient&#8221; column_padding_type=&#8221;advanced&#8221; content_layout=&#8221;flexbox&#8221; gradient_type=&#8221;default&#8221; flex_layout_desktop=&#8221;column&#8221; flex_justify_content_desktop=&#8221;flex-end&#8221; flex_align_items_desktop=&#8221;stretch&#8221; flex_align_items_phone=&#8221;&#8221; flex_wrap_desktop=&#8221;nowrap&#8221; flex_reverse_desktop=&#8221;false&#8221;][vc_row_inner column_margin=&#8221;default&#8221; column_direction=&#8221;default&#8221; column_direction_tablet=&#8221;default&#8221; column_direction_phone=&#8221;default&#8221; right_padding_phone=&#8221;0&#8243; text_align=&#8221;left&#8221; row_position=&#8221;default&#8221; row_position_tablet=&#8221;inherit&#8221; row_position_phone=&#8221;inherit&#8221; overflow=&#8221;visible&#8221; pointer_events=&#8221;all&#8221;][vc_column_inner column_padding=&#8221;no-extra-padding&#8221; column_padding_tablet=&#8221;inherit&#8221; column_padding_phone=&#8221;inherit&#8221; column_padding_position=&#8221;all&#8221; flex_gap_desktop=&#8221;5px&#8221; desktop_text_alignment=&#8221;default&#8221; tablet_text_alignment=&#8221;default&#8221; phone_text_alignment=&#8221;default&#8221; background_color_opacity=&#8221;1&#8243; background_hover_color_opacity=&#8221;1&#8243; column_backdrop_filter=&#8221;none&#8221; column_shadow=&#8221;none&#8221; column_border_radius=&#8221;none&#8221; column_link_target=&#8221;_self&#8221; overflow=&#8221;visible&#8221; gradient_direction=&#8221;left_to_right&#8221; overlay_strength=&#8221;0.3&#8243; width=&#8221;1\/1&#8243; tablet_width_inherit=&#8221;default&#8221; animation_type=&#8221;default&#8221; bg_image_animation=&#8221;none&#8221; border_type=&#8221;simple&#8221; column_border_width=&#8221;none&#8221; column_border_style=&#8221;solid&#8221; column_padding_type=&#8221;default&#8221; content_layout=&#8221;flexbox&#8221; flex_layout_desktop=&#8221;column&#8221; flex_justify_content_desktop=&#8221;flex-start&#8221; flex_align_items_desktop=&#8221;flex-start&#8221; flex_align_items_phone=&#8221;&#8221; flex_wrap_desktop=&#8221;nowrap&#8221; flex_reverse_desktop=&#8221;false&#8221; gradient_type=&#8221;default&#8221;][nectar_responsive_text inherited_font_style=&#8221;default&#8221; text_color=&#8221;#FFFFFF&#8221; text_direction=&#8221;default&#8221; font_size_desktop=&#8221;1.75vw&#8221; font_line_height=&#8221;1.8&#8243; font_size_phone=&#8221;18px&#8221; font_size_tablet=&#8221;24px&#8221;]her fikir konu\u015fmaya de\u011fmez.<br \/>\nama do\u011fru fikir, do\u011fru insanlarla bulu\u015ftu\u011funda y\u00f6n de\u011fi\u015ftirir. uzun formlar, gereksiz sunumlar, kalabal\u0131k c\u00fcmleler kullanmay\u0131z.<br \/>\nnet konu\u015furuz. \u00f6nce dinleriz. ard\u0131ndan \u00e7er\u00e7eveyi \u00e7izeriz. e\u011fer ger\u00e7ekten bir ad\u0131m atmay\u0131 d\u00fc\u015f\u00fcn\u00fcyorsan\u0131z,<br \/>\ntakviminizde yer a\u00e7\u0131n. detaylar\u0131 masada netle\u015ftirelim.<\/p>\n<hr \/>\n[\/nectar_responsive_text][\/vc_column_inner][\/vc_row_inner][vc_row_inner column_margin=&#8221;10px&#8221; column_direction=&#8221;default&#8221; column_direction_tablet=&#8221;default&#8221; column_direction_phone=&#8221;default&#8221; right_padding_phone=&#8221;0&#8243; text_align=&#8221;left&#8221; row_position=&#8221;default&#8221; row_position_tablet=&#8221;inherit&#8221; row_position_phone=&#8221;inherit&#8221; overflow=&#8221;visible&#8221; pointer_events=&#8221;all&#8221;][vc_column_inner column_padding=&#8221;no-extra-padding&#8221; column_padding_tablet=&#8221;inherit&#8221; column_padding_phone=&#8221;inherit&#8221; column_padding_position=&#8221;all&#8221; flex_gap_desktop=&#8221;5px&#8221; desktop_text_alignment=&#8221;default&#8221; tablet_text_alignment=&#8221;default&#8221; phone_text_alignment=&#8221;default&#8221; background_color_opacity=&#8221;1&#8243; background_hover_color_opacity=&#8221;1&#8243; column_backdrop_filter=&#8221;none&#8221; column_shadow=&#8221;none&#8221; column_border_radius=&#8221;none&#8221; column_link_target=&#8221;_self&#8221; overflow=&#8221;visible&#8221; gradient_direction=&#8221;left_to_right&#8221; overlay_strength=&#8221;0.3&#8243; width=&#8221;1\/2&#8243; tablet_width_inherit=&#8221;small_desktop&#8221; animation_type=&#8221;default&#8221; bg_image_animation=&#8221;none&#8221; border_type=&#8221;simple&#8221; column_border_width=&#8221;none&#8221; column_border_style=&#8221;solid&#8221; column_padding_type=&#8221;default&#8221; content_layout=&#8221;flexbox&#8221; flex_layout_desktop=&#8221;column&#8221; flex_justify_content_desktop=&#8221;flex-start&#8221; flex_align_items_desktop=&#8221;flex-start&#8221; flex_align_items_phone=&#8221;&#8221; flex_wrap_desktop=&#8221;nowrap&#8221; flex_reverse_desktop=&#8221;false&#8221; gradient_type=&#8221;default&#8221; offset=&#8221;vc_col-xs-6&#8243;][nectar_responsive_text inherited_font_style=&#8221;default&#8221; text_direction=&#8221;default&#8221; font_line_height=&#8221;1.1&#8243;]ist. foliehole![\/nectar_responsive_text][\/vc_column_inner][vc_column_inner column_padding=&#8221;no-extra-padding&#8221; column_padding_tablet=&#8221;inherit&#8221; column_padding_phone=&#8221;inherit&#8221; column_padding_position=&#8221;all&#8221; flex_gap_desktop=&#8221;10px&#8221; desktop_text_alignment=&#8221;default&#8221; tablet_text_alignment=&#8221;default&#8221; phone_text_alignment=&#8221;default&#8221; background_color_opacity=&#8221;1&#8243; background_hover_color_opacity=&#8221;1&#8243; column_backdrop_filter=&#8221;none&#8221; column_shadow=&#8221;none&#8221; column_border_radius=&#8221;none&#8221; column_link_target=&#8221;_self&#8221; overflow=&#8221;visible&#8221; gradient_direction=&#8221;left_to_right&#8221; overlay_strength=&#8221;0.3&#8243; width=&#8221;1\/2&#8243; tablet_width_inherit=&#8221;small_desktop&#8221; animation_type=&#8221;default&#8221; bg_image_animation=&#8221;none&#8221; border_type=&#8221;simple&#8221; column_border_width=&#8221;none&#8221; column_border_style=&#8221;solid&#8221; column_padding_type=&#8221;default&#8221; content_layout=&#8221;flexbox&#8221; flex_layout_desktop=&#8221;row&#8221; flex_justify_content_desktop=&#8221;flex-end&#8221; flex_align_items_desktop=&#8221;flex-end&#8221; flex_align_items_phone=&#8221;&#8221; flex_wrap_desktop=&#8221;nowrap&#8221; flex_reverse_desktop=&#8221;false&#8221; gradient_type=&#8221;default&#8221; flex_justify_content_phone=&#8221;flex-end&#8221; offset=&#8221;vc_col-xs-6&#8243;][nectar_star_rating star_rating=&#8221;5&#8243; sizing=&#8221;18&#8243; icon_color=&#8221;white&#8221;][\/nectar_star_rating][\/vc_column_inner][\/vc_row_inner][\/vc_column][\/vc_row][\/vc_section]\n","protected":false},"excerpt":{"rendered":"<p>[vc_section type=&#8221;full_width_content&#8221; text_color=&#8221;dark&#8221; top_padding=&#8221;30px&#8221; top_padding_tablet=&#8221;0&#8243; row_border_radius=&#8221;none&#8221; row_border_radius_applies=&#8221;bg&#8221; content_layout=&#8221;default&#8221; advanced_gradient_display_type=&#8221;linear&#8221; min_height_desktop=&#8221;100svh&#8221;][vc_row type=&#8221;full_width_content&#8221; full_screen_row_position=&#8221;middle&#8221; column_margin=&#8221;custom&#8221; equal_height=&#8221;yes&#8221; column_direction=&#8221;default&#8221; column_direction_tablet=&#8221;default&#8221; column_direction_phone=&#8221;default&#8221; scene_position=&#8221;center&#8221; top_padding=&#8221;35px&#8221; constrain_group_1=&#8221;yes&#8221; bottom_padding=&#8221;35px&#8221; right_padding_desktop=&#8221;35px&#8221; left_padding_tablet=&#8221;25px&#8221; constrain_group_4=&#8221;yes&#8221; right_padding_tablet=&#8221;25px&#8221; text_color=&#8221;dark&#8221; text_align=&#8221;left&#8221; row_border_radius=&#8221;10px&#8221; row_border_radius_applies=&#8221;bg&#8221; row_position_desktop=&#8221;default&#8221;&#8230;<\/p>\n","protected":false},"author":1,"featured_media":0,"parent":0,"menu_order":0,"comment_status":"closed","ping_status":"closed","template":"","meta":{"footnotes":""},"class_list":["post-1258","page","type-page","status-publish"],"yoast_head":"<!-- This site is optimized with the Yoast SEO plugin v27.0 - https:\/\/yoast.com\/product\/yoast-seo-wordpress\/ -->\n<title>folie contact - foliehole<\/title>\n<meta name=\"robots\" content=\"index, follow, max-snippet:-1, max-image-preview:large, max-video-preview:-1\" \/>\n<link rel=\"canonical\" href=\"https:\/\/foliehole.com\/?page_id=1258\" \/>\n<meta property=\"og:locale\" content=\"tr_TR\" \/>\n<meta property=\"og:type\" content=\"article\" \/>\n<meta property=\"og:title\" content=\"folie contact - foliehole\" \/>\n<meta property=\"og:description\" content=\"[vc_section type=&#8221;full_width_content&#8221; text_color=&#8221;dark&#8221; top_padding=&#8221;30px&#8221; top_padding_tablet=&#8221;0&#8243; row_border_radius=&#8221;none&#8221; row_border_radius_applies=&#8221;bg&#8221; content_layout=&#8221;default&#8221; advanced_gradient_display_type=&#8221;linear&#8221; min_height_desktop=&#8221;100svh&#8221;][vc_row type=&#8221;full_width_content&#8221; full_screen_row_position=&#8221;middle&#8221; column_margin=&#8221;custom&#8221; equal_height=&#8221;yes&#8221; column_direction=&#8221;default&#8221; column_direction_tablet=&#8221;default&#8221; column_direction_phone=&#8221;default&#8221; scene_position=&#8221;center&#8221; top_padding=&#8221;35px&#8221; constrain_group_1=&#8221;yes&#8221; bottom_padding=&#8221;35px&#8221; right_padding_desktop=&#8221;35px&#8221; left_padding_tablet=&#8221;25px&#8221; constrain_group_4=&#8221;yes&#8221; right_padding_tablet=&#8221;25px&#8221; text_color=&#8221;dark&#8221; text_align=&#8221;left&#8221; row_border_radius=&#8221;10px&#8221; row_border_radius_applies=&#8221;bg&#8221; row_position_desktop=&#8221;default&#8221;...\" \/>\n<meta property=\"og:url\" content=\"https:\/\/foliehole.com\/?page_id=1258\" \/>\n<meta property=\"og:site_name\" content=\"foliehole\" \/>\n<meta property=\"article:modified_time\" content=\"2026-02-12T04:18:45+00:00\" \/>\n<meta property=\"og:image\" content=\"https:\/\/foliehole.com\/wp-content\/uploads\/2026\/02\/folie.png\" \/>\n\t<meta property=\"og:image:width\" content=\"1536\" \/>\n\t<meta property=\"og:image:height\" content=\"1024\" \/>\n\t<meta property=\"og:image:type\" content=\"image\/png\" \/>\n<meta name=\"twitter:card\" content=\"summary_large_image\" \/>\n<meta name=\"twitter:label1\" content=\"Tahmini okuma s\u00fcresi\" \/>\n\t<meta name=\"twitter:data1\" content=\"7 dakika\" \/>\n<script type=\"application\/ld+json\" class=\"yoast-schema-graph\">{\"@context\":\"https:\/\/schema.org\",\"@graph\":[{\"@type\":\"WebPage\",\"@id\":\"https:\/\/foliehole.com\/?page_id=1258\",\"url\":\"https:\/\/foliehole.com\/?page_id=1258\",\"name\":\"folie contact - foliehole\",\"isPartOf\":{\"@id\":\"https:\/\/foliehole.com\/#website\"},\"datePublished\":\"2025-10-27T19:25:02+00:00\",\"dateModified\":\"2026-02-12T04:18:45+00:00\",\"breadcrumb\":{\"@id\":\"https:\/\/foliehole.com\/?page_id=1258#breadcrumb\"},\"inLanguage\":\"tr\",\"potentialAction\":[{\"@type\":\"ReadAction\",\"target\":[\"https:\/\/foliehole.com\/?page_id=1258\"]}]},{\"@type\":\"BreadcrumbList\",\"@id\":\"https:\/\/foliehole.com\/?page_id=1258#breadcrumb\",\"itemListElement\":[{\"@type\":\"ListItem\",\"position\":1,\"name\":\"Anasayfa\",\"item\":\"https:\/\/foliehole.com\/\"},{\"@type\":\"ListItem\",\"position\":2,\"name\":\"folie contact\"}]},{\"@type\":\"WebSite\",\"@id\":\"https:\/\/foliehole.com\/#website\",\"url\":\"https:\/\/foliehole.com\/\",\"name\":\"foliehole.com\",\"description\":\"strateji ve marka ajans\u0131\",\"publisher\":{\"@id\":\"https:\/\/foliehole.com\/#organization\"},\"alternateName\":\"folie holistic\",\"potentialAction\":[{\"@type\":\"SearchAction\",\"target\":{\"@type\":\"EntryPoint\",\"urlTemplate\":\"https:\/\/foliehole.com\/?s={search_term_string}\"},\"query-input\":{\"@type\":\"PropertyValueSpecification\",\"valueRequired\":true,\"valueName\":\"search_term_string\"}}],\"inLanguage\":\"tr\"},{\"@type\":\"Organization\",\"@id\":\"https:\/\/foliehole.com\/#organization\",\"name\":\"folie holistic\",\"alternateName\":\"foliehole\",\"url\":\"https:\/\/foliehole.com\/\",\"logo\":{\"@type\":\"ImageObject\",\"inLanguage\":\"tr\",\"@id\":\"https:\/\/foliehole.com\/#\/schema\/logo\/image\/\",\"url\":\"https:\/\/foliehole.com\/wp-content\/uploads\/2026\/02\/folie.png\",\"contentUrl\":\"https:\/\/foliehole.com\/wp-content\/uploads\/2026\/02\/folie.png\",\"width\":1536,\"height\":1024,\"caption\":\"folie holistic\"},\"image\":{\"@id\":\"https:\/\/foliehole.com\/#\/schema\/logo\/image\/\"}}]}<\/script>\n<!-- \/ Yoast SEO plugin. -->","yoast_head_json":{"title":"folie contact - foliehole","robots":{"index":"index","follow":"follow","max-snippet":"max-snippet:-1","max-image-preview":"max-image-preview:large","max-video-preview":"max-video-preview:-1"},"canonical":"https:\/\/foliehole.com\/?page_id=1258","og_locale":"tr_TR","og_type":"article","og_title":"folie contact - foliehole","og_description":"[vc_section type=&#8221;full_width_content&#8221; text_color=&#8221;dark&#8221; top_padding=&#8221;30px&#8221; top_padding_tablet=&#8221;0&#8243; row_border_radius=&#8221;none&#8221; row_border_radius_applies=&#8221;bg&#8221; content_layout=&#8221;default&#8221; advanced_gradient_display_type=&#8221;linear&#8221; min_height_desktop=&#8221;100svh&#8221;][vc_row type=&#8221;full_width_content&#8221; full_screen_row_position=&#8221;middle&#8221; column_margin=&#8221;custom&#8221; equal_height=&#8221;yes&#8221; column_direction=&#8221;default&#8221; column_direction_tablet=&#8221;default&#8221; column_direction_phone=&#8221;default&#8221; scene_position=&#8221;center&#8221; top_padding=&#8221;35px&#8221; constrain_group_1=&#8221;yes&#8221; bottom_padding=&#8221;35px&#8221; right_padding_desktop=&#8221;35px&#8221; left_padding_tablet=&#8221;25px&#8221; constrain_group_4=&#8221;yes&#8221; right_padding_tablet=&#8221;25px&#8221; text_color=&#8221;dark&#8221; text_align=&#8221;left&#8221; row_border_radius=&#8221;10px&#8221; row_border_radius_applies=&#8221;bg&#8221; row_position_desktop=&#8221;default&#8221;...","og_url":"https:\/\/foliehole.com\/?page_id=1258","og_site_name":"foliehole","article_modified_time":"2026-02-12T04:18:45+00:00","og_image":[{"width":1536,"height":1024,"url":"https:\/\/foliehole.com\/wp-content\/uploads\/2026\/02\/folie.png","type":"image\/png"}],"twitter_card":"summary_large_image","twitter_misc":{"Tahmini okuma s\u00fcresi":"7 dakika"},"schema":{"@context":"https:\/\/schema.org","@graph":[{"@type":"WebPage","@id":"https:\/\/foliehole.com\/?page_id=1258","url":"https:\/\/foliehole.com\/?page_id=1258","name":"folie contact - foliehole","isPartOf":{"@id":"https:\/\/foliehole.com\/#website"},"datePublished":"2025-10-27T19:25:02+00:00","dateModified":"2026-02-12T04:18:45+00:00","breadcrumb":{"@id":"https:\/\/foliehole.com\/?page_id=1258#breadcrumb"},"inLanguage":"tr","potentialAction":[{"@type":"ReadAction","target":["https:\/\/foliehole.com\/?page_id=1258"]}]},{"@type":"BreadcrumbList","@id":"https:\/\/foliehole.com\/?page_id=1258#breadcrumb","itemListElement":[{"@type":"ListItem","position":1,"name":"Anasayfa","item":"https:\/\/foliehole.com\/"},{"@type":"ListItem","position":2,"name":"folie contact"}]},{"@type":"WebSite","@id":"https:\/\/foliehole.com\/#website","url":"https:\/\/foliehole.com\/","name":"foliehole.com","description":"strateji ve marka ajans\u0131","publisher":{"@id":"https:\/\/foliehole.com\/#organization"},"alternateName":"folie holistic","potentialAction":[{"@type":"SearchAction","target":{"@type":"EntryPoint","urlTemplate":"https:\/\/foliehole.com\/?s={search_term_string}"},"query-input":{"@type":"PropertyValueSpecification","valueRequired":true,"valueName":"search_term_string"}}],"inLanguage":"tr"},{"@type":"Organization","@id":"https:\/\/foliehole.com\/#organization","name":"folie holistic","alternateName":"foliehole","url":"https:\/\/foliehole.com\/","logo":{"@type":"ImageObject","inLanguage":"tr","@id":"https:\/\/foliehole.com\/#\/schema\/logo\/image\/","url":"https:\/\/foliehole.com\/wp-content\/uploads\/2026\/02\/folie.png","contentUrl":"https:\/\/foliehole.com\/wp-content\/uploads\/2026\/02\/folie.png","width":1536,"height":1024,"caption":"folie holistic"},"image":{"@id":"https:\/\/foliehole.com\/#\/schema\/logo\/image\/"}}]}},"_links":{"self":[{"href":"https:\/\/foliehole.com\/index.php?rest_route=\/wp\/v2\/pages\/1258","targetHints":{"allow":["GET"]}}],"collection":[{"href":"https:\/\/foliehole.com\/index.php?rest_route=\/wp\/v2\/pages"}],"about":[{"href":"https:\/\/foliehole.com\/index.php?rest_route=\/wp\/v2\/types\/page"}],"author":[{"embeddable":true,"href":"https:\/\/foliehole.com\/index.php?rest_route=\/wp\/v2\/users\/1"}],"replies":[{"embeddable":true,"href":"https:\/\/foliehole.com\/index.php?rest_route=%2Fwp%2Fv2%2Fcomments&post=1258"}],"version-history":[{"count":2,"href":"https:\/\/foliehole.com\/index.php?rest_route=\/wp\/v2\/pages\/1258\/revisions"}],"predecessor-version":[{"id":1471,"href":"https:\/\/foliehole.com\/index.php?rest_route=\/wp\/v2\/pages\/1258\/revisions\/1471"}],"wp:attachment":[{"href":"https:\/\/foliehole.com\/index.php?rest_route=%2Fwp%2Fv2%2Fmedia&parent=1258"}],"curies":[{"name":"wp","href":"https:\/\/api.w.org\/{rel}","templated":true}]}}